, -d = 4*q - 926. What is the remainder when 3903 is divided by q?
223
Suppose 3*v - 545 = 4*n, -3*v - 19*n + 21*n + 535 = 0. Calculate the remainder when v is divided by 42.
7
Let y(u) = u**2 - 4*u + 44. Suppose -5*z + 25 = -5*q, 56 = -2*q - 5*z + 18. Calculate the remainder when y(q) is divided by 9.
8
Let d = 11 - 7. Suppose 0 = 5*v + 25, 12*v = a + 7*v - 77. Let x = a + -37. Calculate the remainder when x is divided by d.
3
Suppose -3*q + 5*t + 86 = -2*q, 3*q - 278 = -5*t. Suppose q = 2*i - 25. Calculate the remainder when i is divided by 6.
4
Let g be ((-147)/(-18) - (-11)/33)*-44. Let h = g + 427. Calculate the remainder when 169 is divided by h.
10
Let y = 530 + -466. What is the remainder when y is divided by 5?
4
Let r = 564 - 508. Let f = 92 - r. What is the remainder when f is divided by 10?
6
Let j(v) = 5*v**2 - 17*v + 5. Let l be j(5). Suppose -14*d = -19*d + l. What is the remainder when (129/(-9))/(2/(-6)) is divided by d?
7
Let j be (18/(-15))/(6/(-400)). Suppose -4*l - 4*n + j = 0, l = 2*l - 3*n. Suppose 10*p = l*p - 970. Calculate the remainder when p is divided by 14.
12
Suppose 12*o - 1037 + 8 = -9*o. Calculate the remainder when 107 is divided by o.
9
Let z = -10947 + 12048. Calculate the remainder when z is divided by 278.
267
Let m be (3 + -4 + 1)/(-1). Let y = -104 + 117. What is the remainder when y is divided by (-18)/(-12)*(m + 2)?
1
Let u be ((-7)/7)/(1 - 8/6). Suppose 0 = 2*r + u*r - 20. Suppose 0 = -2*j + 5*g + 39, 2*j + g - 17 = r. Calculate the remainder when 23 is divided by j.
11
Let s = -18 + 19. Let q(d) be the second derivative of d**5 - d**4/4 - d**3/6 + 3*d**2/2 - d + 11. What is the remainder when 51 is divided by q(s)?
13
Let i = 3066 + -1152. Calculate the remainder when i is divided by 476.
10
Suppose -s - z = 5, s - 3*z + 3 = 18. What is the remainder when (-4)/(-1) + s + 2 + 3 is divided by 5?
4
What is the remainder when 153 is divided by ((-28)/7 - -5)/(3/81)?
18
Let x = 12 + -1. Let s(w) = -2*w**2 - 5*w + 3. Let p(l) = 5*l**2 + 10*l - 6. Let r(d) = 4*p(d) + 9*s(d). What is the remainder when x is divided by r(3)?
5
Suppose -7 = -8*p + 89. Suppose 2*v + 113 = 4*v - y, -v + 64 = 2*y. What is the remainder when v is divided by p?
10
Suppose -10*v + v = -52*v + 2322. Calculate the remainder when v is divided by 4.
2
Let k = -4241 + 4313. Calculate the remainder when 170 is divided by k.
26
Let x(y) = -260*y - 649. Calculate the remainder when x(-3) is divided by 8.
3
Suppose 41 = 2*a - 3*r + 2*r, 5*a - 101 = 2*r. Let w = 114 - 94. Suppose 17*b + 162 = w*b. What is the remainder when b is divided by a?
16
Let c(o) = 12*o**2 - 9 + 3*o**2 + 4*o + 36 + 1 - 2*o**2. Calculate the remainder when c(-3) is divided by 35.
28
Let q be (-2)/13 + (-37)/((-9620)/1600). Let h = 19 + -4. Suppose -3 = -l + 2*c, -q*l + l = c - h. Calculate the remainder when 5 is divided by l.
2
Let g(a) be the second derivative of -a**4/12 - a**3 + a. Let d = 49 - 54. Calculate the remainder when 13 is divided by g(d).
3
What is the remainder when 986 is divided by 13/(-78)*3*-182?
76
Let m = -25 - -46. Suppose -5*w + m - 6 = 0. Suppose -6*z = -w*z - 57. Calculate the remainder when 54 is divided by z.
16
Suppose 4*j - 3*x - 55 = 0, 2*j + 26 = 4*j - 2*x. Let h be 3 + 2274/(-36) - 1/(-6). Calculate the remainder when j is divided by (1 + (-2)/6)*h/(-4).
6
Let r = 3440 - 3286. Calculate the remainder when r is divided by 12.
10
Let z(u) = u**2 - 5*u - 17. Let b be z(-18). Let h = b - 280. What is the remainder when h is divided by 59?
58
Let t(f) = -392*f + 3263. Suppose 11 + 4 = 5*v, 0 = -5*i + 3*v + 71. Calculate the remainder when t(8) is divided by i.
15
Suppose -13*b = -14 - 272. Calculate the remainder when 87 is divided by (-176)/12*(-33)/b.
21
Let h(f) = -9*f + 42. Let j be h(-8). Suppose -10*u = -j - 16. Calculate the remainder when 18 is divided by u.
5
Let s(v) = -11*v**3 - 2*v - 1. Suppose -19*m + 14*m = -395. Suppose -2*x - 3*q = -m, -5*x - 4*q + 187 = -0*q. What is the remainder when x is divided by s(-1)?
11
Suppose -212*o + 4*r - 144 = -214*o, 2*r + 56 = o. What is the remainder when 3391 is divided by o?
63
Let t(b) = -2*b**3 + b**2 + 2*b + 1. Calculate the remainder when 1*157 - 672/(-6 + -36) is divided by t(-3).
57
Suppose 4*g - 3*l - 222 = 0, 0 = 3*g + 2*l - 188 + 13. What is the remainder when 1023 is divided by g?
54
Suppose 0 = -0*m + 5*m + 4*m - 342. Calculate the remainder when 1743 is divided by m.
33
Suppose -55 = 4*j - 9*j. Suppose u + 40 - 61 = -4*s, -s = 5*u + 28. Calculate the remainder when j is divided by s.
4
Suppose 201*b + 187*b + 1488 = 412*b. Suppose -a - 3*m + 371 = 0, -2*a + 7*m + 742 = 2*m. Calculate the remainder when a is divided by b.
61
Let v(o) = -258*o + 1565. Suppose -3*l - 9 = -5*u, -4*l + 4 = 4*u + 16. Let q(g) = -g**2 - g + 33. Calculate the remainder when q(u) is divided by v(6).
16
Suppose 5*i = s + 50 + 34, -3*i + 2*s + 56 = 0. Calculate the remainder when 218 is divided by i.
10
Let v = -1103 - -679. Let i = -361 - v. Calculate the remainder when 114 is divided by i.
51
Let i be 7572/20 - 9/15. Let h = 391 - i. Calculate the remainder when 53 is divided by h.
1
Let b(d) = -d**2 + 14*d + 8. Let n be b(8). Suppose -n = -2*v + 2*c, -4*c = -2*v - 9*c + 28. Calculate the remainder when 62 is divided by v.
14
Let b = 7173 - 7099. Calculate the remainder when 153 is divided by b.
5
Let j(r) = 11*r**3 - 8*r**2 + 46*r - 148. What is the remainder when j(5) is divided by 13?
9
Let c = -44 - -48. What is the remainder when ((-3)/c)/(2/(-568)) is divided by 43?
41
Let a(d) = 129*d**2 + 377*d + 31. What is the remainder when a(16) is divided by 10?
7
Let j = 949 + -954. Let d(c) = 0*c + c**2 - 22 + c - 7*c. Calculate the remainder when 97 is divided by d(j).
31
Let m(j) = -j**3 - 3*j**2 - 5. Let b be m(-3). Suppose 321 = 4*z + 5*o, 3*z + 0*o - 3*o - 261 = 0. What is the remainder when z is divided by (0 - -3) + b + 24?
18
Let a = -61739 - -61761. Suppose 4*f - f - 4*i = 102, -3*f - 3*i + 123 = 0. Calculate the remainder when f is divided by a.
16
Suppose 3*c = 8*b - 11*b + 21, -b - 13 = -3*c. Suppose -3*d - 31 = -2*i, -5*d + 140 = 3*i + b*i. What is the remainder when i is divided by 13?
10
Suppose 3*s = 23*g - 18*g - 66, 5*s = 4*g - 58. Suppose -24 = -2*d + 4*x, -2*x = 5*d - 7 - 101. What is the remainder when d is divided by g?
8
Let w(t) = -t**2 + 9*t + 12. Let u be (-24)/20*20/(-8). Let g be ((-1)/u)/(2*5/(-300)). Calculate the remainder when w(g) is divided by 2.
0
Let q = 8175 + -8102. Calculate the remainder when q is divided by 26.
21
Let k(r) = 76*r + 168. Suppose 4*v - 4*u = -4, -4*v - 2 = 3*u - 19. Calculate the remainder when k(-2) is divided by v/6*(-1 - -28).
7
Suppose 0 = 2*r - 3*r + 6*r. Calculate the remainder when (13 - 9) + (-1 - -63) + r is divided by (4 - -44)/6 + 4.
6
Suppose -3*g - 233 = -5*r - 7*g, 156 = 3*r - 3*g. Suppose -5*w + 4*s = -83, -5*w + s + 43 = -r. Calculate the remainder when w is divided by 5.
4
Suppose 3184 + 10968 = 50*f - 9948. What is the remainder when f is divided by 43?
9
Let f = -566 + 687. Suppose 76 = -f*v + 125*v. Calculate the remainder when 9*1/(3/11) is divided by v.
14
Let h(i) = 90*i**2 - 29*i - 103. Let y be h(-4). Suppose 1459*v - 378 = y*v. Calculate the remainder when v is divided by 19.
6
Suppose 152*y - 146012 = -244*y + 29416. What is the remainder when 463 is divided by y?
20
Suppose 58*b + 1397 = 8425 + 6254. What is the remainder when b is divided by 7?
5
Let i(h) = 89*h**2 + 4008*h - 4007. Let f(s) = -6*s + 1. What is the remainder when i(1) is divided by f(-1)?
6
Let d = 33 + 3. Suppose -9*p + d = -12*p. What is the remainder when (-11)/(-66) - 598/p is divided by 26?
24
Let q = 1339 - 1272. What is the remainder when 177 is divided by q?
43
Let q = -1424 - -1427. Calculate the remainder when 571 is divided by q.
1
Let l(d) = -d**2 + 11*d - 30. Let s be l(4). What is the remainder when 26/(-39) - (-338)/3 is divided by ((-18)/27)/(s/(112 + 2))?
36
Let l(b) = 13*b + 2. Suppose 1650 = 26*h + 4*h. Calculate the remainder when h is divided by l(1).
10
What is the remainder when 449 is divided by ((-5)/2)/(136/(-816))?
14
Suppose -3*t - 5844 = t - 5900. Calculate the remainder when 907 is divided by t.
11
Let n = 84 - 72. Let f(